5*u + 2674 = 4*y, 4*u - 3*y = 2164. Let l be u/(-3)*3*-4. Suppose 704 = a - 0*a - t, -3*a - 5*t = -l. Is a a prime number?
True
Let f = 321 + -524. Let u = 278 + -387. Let r = u - f. Is r prime?
False
Let j be (3598/(-3))/(12/(-126)). Suppose 24 = 2*c - 0*m - 5*m, 0 = c + m - 19. Suppose c*i = 10*i + j. Is i a prime number?
False
Is (4991510/(-30))/(6/(-18)) prime?
True
Suppose -450*z = -191927969 - 10636381. Is z composite?
True
Let c be 0/((-1 - 8/(-2)) + 0). Suppose -6 = -y - c. Suppose -11*o + 18479 = y*o. Is o prime?
True
Let g = 113 + -100. Suppose 0 = -23*q + g*q + 16370. Is q a prime number?
True
Let k = 422456 + -174583. Is k prime?
True
Let j = -3265 - -3268. Suppose 5*l + 0*l = 0. Suppose l = j*h - 873 - 264. Is h a prime number?
True
Let l(q) = q**3 + 12*q**2 - 4*q - 42. Let k be l(-12). Suppose -5*a = k*a - 149347. Is a composite?
False
Let q(s) = -335*s**3 - 3*s**2 + 2*s + 2. Let k be q(-2). Let b = k + -349. Is b composite?
True
Suppose -4*w + 1249717 = -3*y, y = -4*w - 4*y + 1249757. Is w composite?
True
Suppose 0 = 3*s - 21, 31*s = -2*r + 32*s + 781047. Is r a prime number?
True
Let b(p) = -85*p**3 + 5*p**2 - 7. Suppose -5*k - 392 = 9*k. Let u be 76/k + (-4)/14. Is b(u) a prime number?
True
Let w(k) = -203*k + 143. Let g be w(-8). Let i = g + -313. Is i prime?
False
Let y(c) = 27*c - 2 - 4*c + 0. Let i be y(1). Suppose 18*r + 3009 = i*r. Is r prime?
False
Let p(w) = -47468*w**3 - 2*w**2 - w. Let a be p(-1). Suppose 0 = 3*f + x + a, -5*f = 2*x + 2*x + 79114. Is f/9*(-2)/6 a composite number?
True
Let t be (5550/9)/(6/9). Let j = t - 422. Is j a prime number?
True
Let f(w) = -460*w**3 - w**2 - 2*w - 2. Let o be f(-1). Suppose 3*j + y - 2*y - o = 0, -2*j + 5*y = -293. Suppose -u + 833 = j. Is u composite?
True
Suppose -66*a + 374840 + 4088806 = 0. Is a a composite number?
False
Suppose -54298 = -4*z + 3*l - 8*l, -5*z + 67823 = -2*l. Is z a prime number?
True
Let t(j) be the second derivative of -j**6/240 + 409*j**5/120 + 7*j**4/12 + 2*j. Let w(c) be the third derivative of t(c). Is w(0) a prime number?
True
Suppose -141*v + 140*v = -188. Suppose 2*j + v = -2*j. Let y = j + 238. Is y prime?
True
Let c be (((-71688)/32)/1)/((-1)/8). Suppose -104*o + c = -98*o. Is o composite?
True
Suppose -5*i + 211 + 14 = 0. Is 4/(-30) - ((-69261)/i + -7) a prime number?
False
Suppose 96*v = 168*v - 1382904. Is v a prime number?
True
Is ((-2036)/(-10))/(32/160) composite?
True
Let v(p) = 2235*p**2 - 188*p - 2196. Is v(-13) a prime number?
True
Suppose -12507572 = -57*v - 965833 + 11009342. Is v a composite number?
True
Let j = 67 - -723. Suppose 2*w - 503 = c, -w = 12*c - 8*c - 229. Let h = j + w. Is h prime?
True
Let m(q) = 12*q**2 - 19*q - 13. Suppose -2*l + 98 = -0*l - 5*t, -5*t + 136 = 4*l. Let a be 114/(-15) - (l/(-15) + 3). Is m(a) a prime number?
True
Suppose 4*j - 2*w = -1166, 3*w = 2*j + 288 + 285. Is (-764232)/j + 3/(-7) a composite number?
True
Let m = 81 + 2855. Let i = m + -1227. Is i a prime number?
True
Suppose k = -5, -17*h + 25185 = -12*h - k. Let i = 13 + -10. Suppose -j = i*j - h. Is j prime?
True
Let l(y) = 1360*y**2 + 4*y - 33. Is l(5) a composite number?
True
Let q(w) = 4 + 2 - 3*w**3 - 37 + 2*w**3 + 18*w**2 + 12*w. Suppose -2*d = -5*h + 40, -39*d - 25 = -h - 42*d. Is q(h) prime?
False
Let s = -16 - -36. Let a = s - -128. Let b = -3 + a. Is b composite?
True
Suppose -4548 = -n + 7*n. Is n/2*(-7)/(-3 + 10) a prime number?
True
Let q(f) = f**3 + 5*f**2 + 6*f + 5. Let p be q(-3). Let j(c) = -c + 5. Let w be j(p). Suppose 0*m + 353 = m - 4*o, 2*o + 6 = w. Is m a prime number?
False
Let l(p) = 52736*p - 1969. Is l(10) composite?
False
Let k(p) = 73*p**2 + 26*p + 92. Let f be k(-17). Let x = -3830 + f. Is x composite?
True
Let k(q) = 4043*q**2 + 165*q - 3. Is k(-8) prime?
False
Let m(s) = -s**2 - 34*s - 92. Let w be m(-31). Is 287376/(-4)*1/(w + -5) a prime number?
False
Is 15/(-15 + 0)*-921 prime?
False
Is (1 + 0)*2*(-31531479)/(-42) a composite number?
False
Suppose 6567 = 3*y - 4*m - 14816, -14217 = -2*y - 5*m. Is y prime?
True
Suppose 3*q + 4*c + 30582 = 5*q, c = 4. Is q composite?
False
Let w = 700 + -2443. Let s = 6604 + w. Is s composite?
False
Let k = -8007 - -12900. Suppose -k = -25*p + 18*p. Is p a prime number?
False
Suppose 0 = 3*k + 4*z - 32833, -k + 37*z + 10871 = 20*z. Is k a prime number?
True
Let h = 30 + 1290. Suppose -4*o - t + 806 = -o, -5*o + h = -3*t. Is o a prime number?
False
Suppose 85 = 25*r - 115. Suppose 0 = -5*m - r*m + 13403. Is m a composite number?
False
Let q = 789396 + 2375097. Is q composite?
True
Let f(i) = -3*i**2 - i + 2. Let z be f(2). Let p(y) = 197*y + 43. Let v(m) = -66*m - 15. Let g(s) = 2*p(s) + 7*v(s). Is g(z) a composite number?
False
Let b(x) = 149*x**2 - 14*x - 120. Let y be b(-10). Suppose -4*o + 5*k = 4556 - y, 5*o - 12955 = 5*k. Is o prime?
True
Suppose -48*q - 34*q = -6346920 - 3657818. Is q a prime number?
False
Let p(f) = 95*f**2 - 8*f - 10. Let g be p(-6). Let t = -1611 + g. Is t prime?
True
Let f(j) = 23*j + 135. Let g be f(-5). Suppose g*c = 16*c + 16, -t + 5*c = -4887. Is t a prime number?
False
Suppose 627*d - 25483595 = 610*d. Is d a prime number?
False
Suppose -40*k + 2135335 = -37*k - 4*s, -8*k - 5*s + 5694117 = 0. Is k composite?
True
Let v(a) = 109861*a**2 - 76*a + 76. Is v(1) a composite number?
True
Suppose 7*c - 11*c + 244803 = 5*a, -4*c + 244813 = 3*a. Is c composite?
True
Let v be 2/(-2) - (-1 - 0). Suppose -9*z = -2*o - 5*z - 16, 0 = -3*o - 4*z + 16. Suppose v = 5*q - 0*q + 10, 3*x + q - 1009 = o. Is x composite?
False
Let t(o) = 2*o**2 + 6*o - 4. Let l be t(-4). Let w(k) = 11*k**2 + 9*k - 18. Let r be w(l). Suppose -r = -h + 2*j + 5, -4*h + 780 = -4*j. Is h a prime number?
True
Suppose 2*v - 15 = -3*y, 5*v - 5 - 1 = 3*y. Suppose -3*g + 5 - 1 = -x, 4 = -v*x + 5*g. Suppose -4*i - 3*c + 1432 = -3*i, 5*c = -x*i + 2867. Is i composite?
True
Suppose -3044 = 4*g + 10908. Let q be (-9)/27 + g/(-6). Suppose 2664 + q = 5*j. Is j a prime number?
False
Suppose 13*i + 8316378 = 64*i - 11005941. Is i a composite number?
False
Let w(y) be the second derivative of -y**5/20 - y**4/3 - y**3/3 + 6*y**2 + 19*y. Let n be w(-19). Suppose n = 3*f + 482. Is f a prime number?
False
Let u = -27 + 33. Suppose u*r - 7 - 11 = 0. Suppose 0*j + 4*j = 8, -r*h + 259 = 5*j. Is h prime?
True
Let h = -35 + 11. Let u = h - -20. Let j(n) = 24*n**2 + 4*n + 3. Is j(u) composite?
True
Let r be (4/(-5) + 0)*(16 - 11). Let w(f) = 57*f**3 + 4*f**2 - 4*f - 2. Let y be w(r). Is (2 + -3)/(y/(-1191) + -3) prime?
True
Let n = -96615 + 365186. Is n prime?
False
Let r(t) = -t**3 + t**2 + t + 371. Let v = 60 + -63. Let i be (v + 9/3)/(-2). Is r(i) composite?
True
Suppose 3*h = 3*p + 351, 3*h - 3*p - 352 = -p. Let k = h + -961. Let s = 1214 + k. Is s a prime number?
False
Let d = -128538 + 224915. Is d prime?
True
Let n(o) = -768*o + 2. Let j be n(-1). Suppose j = w - 1781. Is w prime?
True
Let b = 56114 + 5603. Is b a composite number?
False
Suppose 9 = 17*h - 16*h + 3*r, h - 3*r = -21. Let c = 0 + 0. Is h*11/(-2) - c composite?
True
Suppose -4492 = -25*w + 29*w. Let p = w - -3284. Is p composite?
False
Let q(x) be the second derivative of -15*x**3 + 16*x. Let r be q(1). Is (68/6)/((-12)/r) composite?
True
Suppose 0 = -4*b + 4*p + 20, 4*b + p - 12 = -2. Let z be (-6*(-4)/7)/((-92)/(-28) - 3). Is (5 - b)*978/z a prime number?
True
Let l be 1*8/(40/(-15)) - -31633. Suppose l = 36*y - 26*y. Is y composite?
False
Let v(o) = -86*o**3 - 37*o**2 - 1098*o - 46. Is v(-29) a prime number?
True
Let r(a) = 52*a**2 - 18*a + 100. Let u be r(-19). Let g = u + -12808. Is g a prime number?
False
Let s(f) = -25*f. Let j be s(0). Is -2 - (-2 - 0) - (j + -38953) a composite number?
False
Suppose 85267 = -2*b - 2*b + 11*b. Is b composite?
True
Is 610006010/2900 + 2/20 prime?
True
Let y be 2*-1*70635/30. Let k = y + 9708. Is k composite?
False
Let w(v) = -154*v**3 - 4*v**2 + 18*v - 13. Let z(l) = -463*l**3 - 11*l**2 + 52*l - 38. Let f(o) = 17*w(o) - 6*z(o). Is f(3) prime?
False
Let z(n) = 4*n**2 + 14*n - 3. Let x be z(-4). Suppose 5*s - 5*w - 521 = 254, x*s + 2*w = 803. Is s prime?
False
Let c(v) = -5778*v - 5897. Is c(-28) a composite number?
False
Let r(t) = 91*t**2 - 8*t - 171. Is r(-14) prime?
False
Suppose -3*d + 10464 = -3*